33 is divided by h?
15
Let v(d) = -d**2 + 7*d + 4. Let n(o) = o**2 + 33*o + 22. Let m be n(-15). Let h = 297 + m. Calculate the remainder when h is divided by v(6).
9
Suppose 3*v = -9 + 36. Suppose s + 0*s - 1 = -4*f, 5*s + 79 = f. Calculate the remainder when v is divided by 18/s*(-15)/9.
1
Let l(o) = 130*o + 5 + 12 - 117*o. Calculate the remainder when l(4) is divided by 36.
33
Let u(o) be the first derivative of 2*o**3/3 + 9*o**2/2 + 4*o - 158. What is the remainder when u(7) is divided by 8?
5
Suppose 0 = -2*b + 3 - 5, w + 3*b - 115 = 0. Let z = -90 + 47. Let u = -19 - z. Calculate the remainder when w is divided by u.
22
Suppose -3*p + 15*d = 14*d - 322, -5*p + d + 532 = 0. What is the remainder when p is divided by 14?
7
Let k(n) = n**3 + 9*n**2 - 7*n + 2. Suppose 831 = 37*o - 316. What is the remainder when k(-7) is divided by o?
25
Calculate the remainder when 26808/64*(-8)/(-3) is divided by 1117.
0
What is the remainder when (-14664)/(-198) + (-78)/1287 is divided by 58?
16
Let j = 24 + -13. Let y = j - 14. Calculate the remainder when 74 is divided by -4 - (y + -4) - -22.
24
Calculate the remainder when 587 is divided by -3 + (-4)/7*(-252)/8.
2
Suppose -15 = -3*s - 6. Let o(d) = -19*d**3 + d**2 - 10*d - 10. Let x be o(-1). Suppose -s*i = i - x. What is the remainder when 16 is divided by i?
1
Let f be (-3)/18 + (-595)/(-42). Let h(x) = -2*x + 32. Let o be h(f). Suppose -o*s + 7 = -89. Calculate the remainder when 71 is divided by s.
23
Suppose 2*f + 2*f + 16 = 0, -5*p = 4*f - 214. Let o(b) = b**3 - 11*b**2 + 23*b + 30. Let w be o(9). What is the remainder when p is divided by (w/10 + -5)*10?
21
Suppose 90*s - 23030 = 7458 + 101542. Calculate the remainder when s is divided by 134.
127
Suppose 0 = 219*h - 226*h + 10 + 172. What is the remainder when 464 is divided by h?
22
Suppose -100*k + 104*k - 213 = -z, 0 = -3*z + 3*k + 639. Calculate the remainder when z is divided by 113.
100
Suppose -1288 = -14*u + 728. Calculate the remainder when u is divided by (5 - 35)*(1 + -2).
24
Let d = 22 + -16. Suppose -24 = -5*g + 4*p - 9, -3*p = -3*g + d. What is the remainder when 26 is divided by g?
5
What is the remainder when 2/4 + (-66)/(-4) is divided by ((-1683)/(-102) - 3)/(18/8)?
5
Suppose y - 4*y + 28 = 4*f, 2*y - 13 = 3*f. Calculate the remainder when 41 is divided by 9 + (y - 4 - 2).
8
Calculate the remainder when (7877/(-2))/((-319)/406 + 2/7) is divided by 71.
67
Let w be (18/(-8)*(-64)/24)/2. Suppose 3*i - 110 = y, -2*i + 3*i = w*y + 34. Suppose -v + 14 + 5 = 0. Calculate the remainder when i is divided by v.
18
Suppose -2205*x = -2214*x + 261. Calculate the remainder when 511 is divided by x.
18
Let r(v) = -24*v**3 + 7*v**2 + 13*v - 3. Calculate the remainder when r(-2) is divided by 64.
63
Suppose 4*u = -5*q - 4 - 20, 4*u + 16 = -3*q. Calculate the remainder when 2219*u/(-42) - 2/(-12) is divided by 23.
7
Let t be (-28)/420 - 166/(-15). Let d(v) = v**2 - 11*v + 36. Calculate the remainder when 212 is divided by d(t).
32
Suppose -5*g - 4*f + 0*f + 1167 = 0, 4*f + 912 = 4*g. Suppose 0 = -p + g - 205. Calculate the remainder when 206 is divided by p.
24
Let p(n) = -n**3 - 38*n**2 - 38*n - 25. Let b be p(-37). Suppose 786 = 6*y - y + t, 0 = -3*t - b. Calculate the remainder when y is divided by 56.
46
Let n(v) = v + 35. Let h = 58 - 53. Let w = h - 24. Calculate the remainder when n(w) is divided by 6.
4
Let g be (-25)/7 - (-12)/(-28). Let s be (-6)/g*-2 + 21. Calculate the remainder when 1269/s + (-3)/(-2) is divided by 19.
15
Let r be 40/(-24)*3/(-1). Suppose -4*o + 8 = -r*d + 6*d, -5*d + 64 = -4*o. Suppose -8*v = -d*v + 504. Calculate the remainder when v is divided by 32.
30
Let r = 255 + -253. Calculate the remainder when 20 is divided by (24/36)/(r/21).
6
Suppose 0 = -6*u - 57 + 393. Let w be 86*3*(-1)/(-6). Let x = w - 27. What is the remainder when u is divided by x?
8
Suppose 17 = 437*l - 438*l. Let u(k) be the first derivative of k**3/3 + 7*k**2 - 37*k - 1. Calculate the remainder when 52 is divided by u(l).
10
What is the remainder when 303 is divided by (-1573)/143 + 116/1?
93
Let u = -472 - -474. Let o(l) = 14*l - 11. What is the remainder when ((0 - 0) + -1)*-66 is divided by o(u)?
15
Let u(l) = -6*l**2 + 264*l + 58. What is the remainder when u(44) is divided by 57?
1
Let j(g) = -g + 15. Let r(k) = k**2 - 1481*k + 4439. Calculate the remainder when j(0) is divided by r(3).
0
Let t(y) = 10*y**2 - 91*y + 487. What is the remainder when 1013 is divided by t(5)?
167
Let j = -1190 - -1204. Let q be 34/(-8)*(0 - 8). Let w = q - -47. Calculate the remainder when w is divided by j.
11
Suppose 4*u = -4*w + 536, 57*u = 2*w + 62*u - 283. Calculate the remainder when 1802 is divided by w.
125
Suppose 63*w - 7722 = 9*w. What is the remainder when w is divided by 16?
15
Let f = -134 + 135. Calculate the remainder when 47/9 + 4/(-18) is divided by f.
0
Let l be -6 - (-4 - -1) - -4 - 50. Calculate the remainder when 53 is divided by (-378)/l - (-8)/28.
5
Let q(u) = u**3 + 8*u**2 - 9*u + 25. Suppose -4*j + j = 0. Let d = 15 + j. What is the remainder when q(-9) is divided by d?
10
Suppose -2*r = -68 + 100. Let s(y) = -8*y + 6. Let c be s(3). Calculate the remainder when 141 is divided by (-888)/c - r/(-12).
45
Suppose 356*v - 452 = 354*v. What is the remainder when 460 is divided by v?
8
Let x = 1 + 22. Suppose 2*v = a - 24, -2*a + x = -2*v - 19. Suppose -64*h - 569 = -2617. Calculate the remainder when h is divided by a.
14
Let u = -35 + 42. Suppose u*s - 45 - 53 = 0. What is the remainder when 193 is divided by s?
11
Suppose -14*q + 6*q + 1919 = 11*q. Calculate the remainder when 132 is divided by q.
31
Let u = 3096 + -3069. What is the remainder when 1943 is divided by u?
26
Let j(s) = -4*s**3 - 18*s**2 - s - 41. Calculate the remainder when j(-7) is divided by 6.
0
Let k(a) = -a**2 - 232*a + 3226. Calculate the remainder when 625 is divided by k(13).
10
Let q = 182 + -138. Let z = 2 + q. Suppose -3*n - 3*x = -21, -2*x = -0*n - 2*n + 18. What is the remainder when z is divided by n?
6
Let p(a) = -2*a**2 - 25*a + 15. Let m be p(-13). What is the remainder when 72/27*138/4 is divided by -1*m + (1 - -29) + 5?
26
Let m(q) = -q**2 - 15*q + 623. What is the remainder when m(0) is divided by 78?
77
Suppose 42*v - 18*v = 3096. Let c(l) = 3*l**2 - 4*l + 1. Calculate the remainder when v is divided by c(-4).
64
Let a = 424 + -410. Calculate the remainder when a/(-21)*((-2 - 127) + 0) is divided by 8.
6
Let j = -496 + 494. Calculate the remainder when 29 is divided by (-18 - -20)*(-17)/j.
12
Suppose f = -4*l + 858, 9*l - 10*l = -f - 212. Calculate the remainder when 654 is divided by l.
12
Let a(x) = x**3 - 6*x**2 - 12*x + 56. Let l be (7/(-3))/((-17)/51). Calculate the remainder when 71 is divided by a(l).
8
Let x(j) = -3*j - 70. Let z be x(0). Calculate the remainder when 6 + z/(15/(-3)) is divided by 1.
0
Let p = 303 + -207. Let v(q) = 7*q + 4. Suppose -8*g + 15 = -9. What is the remainder when p is divided by v(g)?
21
Let q be 2/3*63/14. Calculate the remainder when 84 is divided by (-30)/(-18) - (-124)/q.
41
Suppose x - 145 = 15*w - 20*w, -153 = -x + 3*w. What is the remainder when 296 is divided by x?
146
Let z = 3429 + -3411. Calculate the remainder when 491 is divided by z.
5
Let h = 130 - 113. Calculate the remainder when (-237)/(-2) + (-7)/14 is divided by h.
16
Calculate the remainder when 12902 is divided by ((2 - -3)*-1)/(2880/(-261) + 11).
142
Let l = -62 - -59. Let m be (l + 2 + 0)*-43. Suppose 9 = -m*b + 44*b. Calculate the remainder when 17 is divided by b.
8
Let c(r) = 66*r**2 + 340*r + 120. What is the remainder when c(-5) is divided by 1*(10 + -1*1)?
7
Let m = 7890 - 7740. What is the remainder when m is divided by 24?
6
Let m be (7/(-14))/((9/(-870))/3). Suppose -15 = -16*t + m. What is the remainder when (1/3)/1*57 is divided by t?
9
Let g = -9 - -24. Let j be 2*9/(-6) - 3*-4. Suppose 50 + 337 = j*d. Calculate the remainder when d is divided by g.
13
Let k(r) = -r**3 - 11*r**2 + 32*r + 81. What is the remainder when 12486 is divided by k(-13)?
0
Suppose 0*j - 33 = 5*a - j, 3*a + 3 = -5*j. Let i be 2200/104 + a/39. Calculate the remainder when 24 is divided by (-45)/(-12) - (i/(-12))/7.
0
Suppose 6255 - 12654 = -9*u. Wha